 base 4
12
What is -563 (base 8) in base 10?
-371
What is 81 (base 10) in base 2?
1010001
-3 (base 4) to base 12
-3
225 (base 9) to base 8
271
-81 (base 9) to base 5
-243
201 (base 3) to base 16
13
What is -21 (base 3) in base 13?
-7
What is b9 (base 16) in base 9?
225
What is 3 (base 12) in base 16?
3
Convert -2 (base 7) to base 10.
-2
Convert 16 (base 14) to base 5.
40
What is -11a (base 14) in base 15?
-ea
Convert 1 (base 2) to base 15.
1
-325 (base 6) to base 9
-148
What is 0 (base 15) in base 7?
0
2 (base 9) to base 16
2
What is 4 (base 6) in base 15?
4
What is -430 (base 8) in base 2?
-100011000
What is -63 (base 15) in base 4?
-1131
-2303 (base 4) to base 16
-b3
Convert 433 (base 5) to base 14.
86
Convert -45 (base 12) to base 6.
-125
0 (base 4) to base 5
0
-1100 (base 2) to base 3
-110
What is 4 (base 12) in base 16?
4
2 (base 8) to base 11
2
What is 4 (base 14) in base 8?
4
Convert -110 (base 2) to base 3.
-20
What is -1bb (base 13) in base 8?
-503
-3 (base 9) to base 10
-3
-40 (base 11) to base 5
-134
-1 (base 5) to base 11
-1
Convert -1 (base 3) to base 9.
-1
110 (base 2) to base 5
11
Convert -6 (base 15) to base 13.
-6
What is 1 (base 8) in base 5?
1
-2 (base 10) to base 2
-10
What is 1 (base 8) in base 7?
1
21 (base 14) to base 16
1d
50 (base 6) to base 8
36
-100011 (base 2) to base 4
-203
What is 204 (base 5) in base 9?
60
Convert -4 (base 13) to base 5.
-4
-160 (base 12) to base 3
-22000
0 (base 13) to base 16
0
Convert -9 (base 13) to base 2.
-1001
Convert -166 (base 7) to base 15.
-67
100 (base 2) to base 13
4
What is -53 (base 16) in base 9?
-102
What is -251 (base 7) in base 12?
-b2
137 (base 14) to base 9
302
Convert 30 (base 4) to base 5.
22
What is b (base 13) in base 11?
10
What is -18 (base 12) in base 3?
-202
What is d (base 15) in base 13?
10
What is -50 (base 11) in base 4?
-313
Convert 1a (base 16) to base 10.
26
What is 50 (base 6) in base 15?
20
Convert -110 (base 6) to base 14.
-30
What is 131 (base 6) in base 5?
210
-62 (base 7) to base 6
-112
What is 1 (base 10) in base 5?
1
Convert a1 (base 15) to base 4.
2113
What is -50 (base 6) in base 5?
-110
Convert -26 (base 13) to base 4.
-200
Convert 2 (base 6) to base 7.
2
What is 0 (base 3) in base 12?
0
-296 (base 10) to base 11
-24a
-4 (base 10) to base 7
-4
Convert 18 (base 16) to base 2.
11000
Convert -85 (base 12) to base 5.
-401
-31 (base 5) to base 4
-100
Convert -4 (base 16) to base 12.
-4
Convert 10 (base 8) to base 4.
20
Convert -52 (base 7) to base 2.
-100101
Convert 31 (base 14) to base 8.
53
What is -1 (base 9) in base 5?
-1
Convert 3 (base 9) to base 10.
3
What is 305 (base 9) in base 14?
13a
Convert 38 (base 15) to base 7.
104
Convert -11 (base 4) to base 13.
-5
What is -88 (base 10) in base 7?
-154
What is 128 (base 11) in base 14?
ab
-100 (base 3) to base 9
-10
Convert 41 (base 8) to base 3.
1020
What is 1100010 (base 2) in base 6?
242
What is 20 (base 5) in base 4?
22
Convert 2 (base 3) to base 10.
2
What is 32 (base 4) in base 12?
12
Convert -7 (base 9) to base 5.
-12
What is -3 (base 11) in base 14?
-3
Convert 3 (base 8) to base 3.
10
Convert 3 (base 8) to base 7.
3
What is 213 (base 11) in base 9?
314
Convert -7 (base 9) to base 7.
-10
Convert 10 (base 4) to base 16.
4
Convert 14 (base 11) to base 10.
15
-12 (base 12) to base 6
-22
-51 (base 9) to base 10
-46
Convert 3 (base 15) to base 5.
3
Convert 41 (base 9) to base 2.
100101
What is 3 (base 8) in base 7?
3
Convert -3 (base 8) to base 6.
-3
What is -5 (base 11) in base 12?
-5
What is 1 (base 11) in base 13?
1
What is 3 (base 11) in base 2?
11
-2 (base 5) to base 3
-2
13e (base 15) to base 10
284
1 (base 6) to base 15
1
What is -3 (base 16) in base 15?
-3
What is 2 (base 16) in base 4?
2
What is 24 (base 6) in base 5?
31
What is -1 (base 9) in base 5?
-1
Convert 3 (base 4) to base 9.
3
-7 (base 8) to base 3
-21
-11 (base 12) to base 3
-111
Convert 10012 (base 4) to base 2.
100000110
What is 1 (base 13) in base 6?
1
2021 (base 3) to base 2
111101
What is -12 (base 10) in base 9?
-13
1011 (base 3) to base 4
133
136 (base 8) to base 11
86
-11 (base 3) to base 4
-10
-45 (base 15) to base 5
-230
48 (base 9) to base 11
40
12 (base 15) to base 13
14
What is -11 (base 10) in base 5?
-21
-1a (base 16) to base 6
-42
What is 68 (base 15) in base 4?
1202
Convert -29 (base 15) to base 4.
-213
Convert -100001001 (base 2) to base 6.
-1121
Convert 21 (base 4) to base 15.
9
Convert 15 (base 7) to base 3.
110
Convert -1d (base 14) to base 7.
-36
Convert 5 (base 12) to base 6.
5
Convert c (base 15) to base 2.
1100
Convert 0 (base 10) to base 15.
0
What is 19 (base 16) in base 8?
31
-77 (base 9) to base 10
-70
2 (base 9) to base 5
2
Convert 4 (base 5) to base 13.
4
What is -a9 (base 13) in base 16?
-8b
What is -1 (base 2) in base 7?
-1
Convert -2 (base 10) to base 12.
-2
-2e (base 16) to base 10
-46
What is 2 (base 10) in base 4?
2
Convert -11 (base 14) to base 16.
-f
-1112 (base 4) to base 11
-79
Convert -2 (base 3) to base 8.
-2
Convert -15 (base 7) to base 6.
-20
What is -3 (base 15) in base 6?
-3
Convert 10 (base 13) to base 15.
d
What is 2 (base 14) in base 2?
10
-5 (base 9) to base 5
-10
8 (base 12) to base 4
20
What is 15 (base 9) in base 10?
14
What is 2 (base 4) in base 5?
2
What is 2 (base 15) in base 14?
2
Convert -252 (base 10) to base 11.
-20a
6 (base 9) to base 15
6
What is -68 (base 12) in base 9?
-88
What is -2 (base 11) in base 2?
-10
66 (base 8) to base 3
2000
What is -2 (base 3) in base 9?
-2
Convert -1d (base 16) to base 11.
-27
What is -215 (base 7) in base 9?
-132
-e (base 16) to base 7
-20
Convert -2 (base 9) to base 10.
-2
What is -2 (base 15) in base 14?
-2
Convert 22 (base 11) to base 4.
120
Convert 3 (base 13) to base 9.
3
-221 (base 6) to base 11
-78
244 (base 6) to base 4
1210
Convert 1 (base 10) to base 13.
1
Convert -5 (base 7) to base 8.
-5
-b (base 14) to base 8
-13
What is -312 (base 5) in base 11?
-75
What is -5 (base 11) in base 10?
-5
Convert 1 (base 11) to base 16.
1
-3133 (base 4) to base 8
-337
-25 (base 16) to base 14
-29
What is a (base 16) in base 5?
20
What is 0 (base 8) in base 2?
0
Convert -1402 (base 5) to base 16.
-e3
What is -56 (base 16) in base 6?
-222
What is 23 (base 9) in base 10?
21
Convert 30 (base 5) to base 14.
11
Convert -143 (base 7) to base 6.
-212
Convert 2001 (base 3) to base 15.
3a
What is 2 (base 14) in base 5?
2
1000 (base 2) to base 14
8
What is 13 (base 11) in base 8?
16
Convert -10 (base 2) to base 15.
-2
What is -3 (base 5) in base 4?
-3
203 (base 4) to base 11
32
-41 (base 13) to base 11
-49
What is -10 (base 4) in base 5?
-4
-134 (base 6) to base 13
-46
What is -26 (base 16) in base 8?
-46
120 (base 4) to base 8
30
-4 (base 7) to base 11
-4
Convert 19 (base 15) to base 11.
22
Convert -9 (base 15) to base 12.
-9
Convert -10 (base 3) to base 5.
-3
-33 (base 4) to base 6
-23
What is 22 (base 10) in base 12?
1a
100 (base 2) to base 5
4
Convert -8 (base 15) to base 10.
-8
Convert -54 (base 9) to base 7.
-100
What is -26 (base 8) in base 2?
-10110
What is -266 (base 9) in base 13?
-141
5 (base 16) to base 9
5
11 (base 4) to base 3
12
Convert 30 (base 5) to base 9.
16
0 (base 9) to base 16
0
What is 23 (base 7) in base 3?
122
Convert -18 (base 12) to base 2.
-10100
What is -1000 (base 3) in base 10?
-27
What is -8 (base 10) in base 14?
-8
Convert 344 (base 5) to base 8.
143
What is 2 (base 3) in base 14?
2
What is 552 (base 6) in base 5?
1322
Convert -3b (base 16) to base 2.
-111011
31 (base 6) to base 10
19
What is 14 (base 15) in base 7?
25
Convert -5 (base 12) to base 3.
-12
26 (base 12) to base 14
22
56 (base 10) to base 5
211
Convert -5 (base 7) to base 8.
-5
24 (base 9) to base 3
211
3 (base 5) to base 14
3
Convert -313 (base 4) to base 10.
-55
Convert 50 (base 6) to base 15.
20
What is -11 (base 6) in base 10?
-7
-30 (base 6) to base 11
-17
1145 (base 6) to base 4
10121
22021 (base 3) to base 8
337
Convert 11 (base 16) to base 4.
101
8 (base 15) to base 14
8
5 (base 9) to base 3
12
What is 3 (base 13) in base 12?
3
Convert 4 (base 16) to base 2.
100
What is -2 (base 13) in base 8?
-2
What is -110 (base 2) in base 9?
-6
What is 1021 (base 3) in base 15?
24
What is -5 (base 6) in base 3?
-12
110 (base 15) to base 6
1040
Convert 101 (base 2)